53 = -c*i, 5*y = 2*i - 12. What is the units digit of i?
6
Let i(k) = 2*k - 5. Let a be i(8). Let j(c) = -c**3 + 11*c**2 + 2*c - 11. Let f be j(a). Let t = f - 2. What is the units digit of t?
9
What is the tens digit of 3 + 51 + 2 + 0?
5
Suppose -3*v = 3*g + g - 47, 2 = -g + 2*v. Let m = g - 5. Suppose 33 = m*d - 4*s, s = 5*d + 6*s - 20. What is the units digit of d?
7
Let f be (-6)/(-6) - (1 + -2). Suppose x - 8 = -3*l, 0*l - l - x = -f. Suppose 0 = -q + l. What is the units digit of q?
3
Suppose -14 = 4*s + 2*o, -2*o + o + 18 = -3*s. Let i = s - -7. Suppose -4*k + 6 = -f - 23, 2*f + i = 0. What is the units digit of k?
7
Let o = 141 + -13. What is the tens digit of o?
2
Suppose 0 = -g - 3. Let u be (-4)/(-1) + g + 4. Let k = u + 0. What is the units digit of k?
5
Let d be 2*(-2 + 57/(-6)). Let p = d - -33. What is the units digit of p?
0
Suppose -146 - 124 = -k. What is the units digit of k?
0
Let v be (-2)/6 - 10/6. Let b be v/((-2)/1) + -12. Let n = b + 19. What is the units digit of n?
8
Let n = 11 + -13. What is the units digit of (n - 0) + (11 - 2)?
7
Let d = 122 - 39. What is the units digit of d?
3
Let q(p) = p + 76. Let t be q(0). Let r = 106 - t. What is the units digit of r?
0
Let s(u) = u**3 - 10*u**2 + 9*u + 11. Let r be s(9). Let z = 14 - r. Suppose 10 = z*b - 2. What is the units digit of b?
4
Let l = 3 + -4. Let i be ((-2)/(-1) + l)*0. What is the units digit of (-2)/(6/(-27)) + i?
9
Suppose -5*w - 75 = -15. Let g = w + 46. What is the units digit of g?
4
Suppose -5*s + 40 = -5*f, 2*s = -s + 5*f + 22. Let r = 37 - s. What is the units digit of r?
8
Let k = 57 - 16. What is the tens digit of k?
4
Suppose 2*u - 35 + 11 = 0. Suppose -5*i + 8 = -u. Suppose 27 = 5*z + 2*p, -3*z + 3 = -i*p - 8. What is the units digit of z?
5
Let d be (70/(-21))/((-4)/6). Suppose -l = d + 4. Let w = l + 16. What is the units digit of w?
7
Suppose 5*s - 16 = s. Suppose s*q + 1 = -0*i - i, i - 3*q - 27 = 0. What is the tens digit of i?
1
Let y = 13 + 0. Let a = y - 18. What is the tens digit of ((-2)/a)/(2/100)?
2
Suppose 5*t - 210 = -4*l, -57 - 153 = -5*t + 3*l. Suppose 2*b = t - 10. What is the units digit of b?
6
Let u = 50 + -22. Suppose 2*n + 5*i = 98, u = -2*n + 3*i + 94. Let y = -27 + n. What is the tens digit of y?
1
Let q be 3/(-4) + (-12)/(-16). Let t = q + 6. What is the units digit of t?
6
Let i = 43 - 20. Let l = i - 9. What is the tens digit of l?
1
Let x(n) = 6*n**2 - 3*n + 6. Let u be x(5). Suppose -58 = 3*b - 5*b + 2*a, 3*a + u = 5*b. What is the units digit of b?
7
Let x = 2 + -2. Suppose -5*w + 2*i - 60 = -x*w, w + 3*i - 5 = 0. What is the units digit of (-4)/w - 3/(-5)?
1
What is the tens digit of (-2)/4*(13 + -43)?
1
Suppose -3*k + 2*s + 0*s = 20, -32 = 3*k + 4*s. Let w = 9 + k. Let x = w - -18. What is the tens digit of x?
1
Let x be -5 + 4 + (-6)/(-1). Let d(o) = o**2 - 4*o - 4. What is the units digit of d(x)?
1
Let t be (2 - 3)*2 - 12. Let v = -11 - t. What is the units digit of 5 + (0 - 6/v)?
3
Let t(h) = h**3 - 3*h**2 + 3*h - 1. Suppose 3*x = 4*x - 3. Let o be t(x). Suppose o = 2*r + 4. What is the units digit of r?
2
Let u(j) be the first derivative of 2*j**2 + 3*j + 4. What is the units digit of u(7)?
1
Suppose 4*m - 16 = 12. Let o(s) = 4*s - 10. Let w be o(m). Suppose -w = -4*a + 2*a. What is the units digit of a?
9
Let k(g) = 4*g**2 + 7*g + 10*g**2 + 6*g**2 + 12*g + 13 + g**3. What is the units digit of k(-19)?
3
Suppose 0 = r + 3*r - 36. What is the units digit of r?
9
Suppose 30 = 5*m + 5*a, 0*a = 2*m + 5*a - 12. Let s = 9 - m. Suppose p + s*p = 4. What is the units digit of p?
1
Suppose -9*m = -6*m - 3. Let f(j) = -11*j - 3. Let l(h) = -34*h - 8. Let o(r) = 11*f(r) - 4*l(r). What is the tens digit of o(m)?
1
Suppose 7 = 5*u - 8. Suppose -2*p + 2*a = -44, u*p - 1 = -2*a + 45. What is the units digit of p?
8
Let q be (-27 - 1)*3/(-6). Suppose 4*d - 14 - q = 0. What is the units digit of d?
7
Let q(y) = 12*y - 4. Let u be q(4). Suppose 0 = 2*j - 4*r + u, -4*r + 8 = -5*j - 72. Let c = -5 - j. What is the units digit of c?
7
Let n be 1940/18 + (-6)/(-27). Suppose 2*b + 2*b = n. What is the units digit of b?
7
Let g(i) = -7*i**2 - 18*i + 7. Let y(t) = 13*t**2 + 35*t - 14. Let d(w) = -11*g(w) - 6*y(w). What is the units digit of d(-11)?
8
Let i(x) = 2*x**2 - 2*x - 2. Suppose 0 = -2*j + 6*j. Suppose 0 = 3*k - j - 9. What is the tens digit of i(k)?
1
Let t(a) = 2*a - 16. Let m be t(15). Suppose 0 = l + l - m. What is the units digit of l?
7
Let a be 4/(-20) - 8/10. What is the tens digit of (-16)/a - 6/2?
1
Let i(r) = -r + 10. Let c be i(7). What is the units digit of (c - 2)*2 + 5?
7
Let h(o) = o + 8. What is the units digit of h(-7)?
1
Let p be 6/(-12)*(1 + -1). Suppose p = -u + 33 + 10. What is the tens digit of u?
4
Let f be 1/((-2)/(-2))*3. Let n(d) = 4*d + 7. What is the tens digit of n(f)?
1
Let v be (-112)/(-18) + (-16)/72. Suppose 34 - v = 4*z. What is the units digit of z?
7
Let q = 3 - 3. Suppose q = z - 0*z. Suppose 3*s + 3*v = 3, v = -2*s + 5 - z. What is the units digit of s?
4
Let t be ((-52)/(-6))/(1/(-3)). Let v = 48 + t. What is the tens digit of v?
2
Suppose 1548 = 12*c - 1728. What is the units digit of c?
3
Suppose 0 = -h + 3*h + b, 5*b = h + 22. What is the units digit of 5/h*126/(-45)?
7
Let z(m) = 3 - 2*m**2 + m + 0 - 2*m**3 + 0*m**2 + 2*m. Let l be z(-2). What is the units digit of 94/12 + l/30?
8
Let c be (-4)/(-3)*12/8. Suppose 0 = 3*q - c*o + 1 - 31, 0 = -4*q + o + 35. What is the units digit of q?
8
Let z(f) = -3*f - 5. Let j(m) = m + 3. Let q(l) = 11*j(l) + 6*z(l). What is the units digit of q(-2)?
7
Let v(m) be the second derivative of m**4/12 + 4*m**3/3 + 5*m**2 + 4*m. What is the units digit of v(-7)?
3
Let l(u) = -3*u - 2*u**2 + 3 + 3*u**2 - 2. Suppose 2*z - 6 = 4*x, 2 = 3*z - 2*x - 11. What is the units digit of l(z)?
1
Suppose 79 = -6*y + 1141. What is the hundreds digit of y?
1
Let r = 17 + -14. Suppose -2*n = -j - 40, r*n + 24 = 4*j + 94. What is the units digit of n?
8
Let v be (2 - -11)*6/2. Suppose -4*p + b - 4 = -v, 7 = p - 2*b. What is the units digit of p?
9
Let t be 4/(-10)*(0 + -20). Suppose -o + 3 = -t. Suppose -3*r - o = -2*l + 2*r, 3*l - 22 = 2*r. What is the units digit of l?
8
Let x(k) = k**2 - 9*k - 6. What is the tens digit of x(-4)?
4
Let s be -1*-3*(0 + 1). Let j = 16 + 8. Suppose 3*r = -2*n + j, -4*r + 32 = -s*n - 0*n. What is the units digit of r?
8
Suppose 0 = -2*x + 10 + 6. Suppose -4*a + 0*a + x = 0. Suppose 0 = 5*h - a*h - 27. What is the units digit of h?
9
Suppose 0 = -5*q + 2*q. Suppose -3*i + 14 = -2*c - 3, 3*c + 12 = q. Let m = i - -3. What is the units digit of m?
6
Let a(i) = i**3 + 6*i**2 - 9*i + 7. What is the tens digit of a(-7)?
2
Let u(r) = 11*r - 11. Let n(p) = 5*p - 6. Let z(t) = 11*n(t) - 6*u(t). Let b be z(1). Let d = b + 18. What is the units digit of d?
7
Suppose 110 = 2*t - 4*i - i, -t = -2*i - 57. What is the tens digit of t?
6
Suppose 0 = -w + 10 + 12. Suppose 0 = 4*j + 4*t - 2*t - w, -4*t = -3*j. Suppose 0 = 3*l + l - j. What is the units digit of l?
1
Let m be -1 + (-4)/(8/(-34)). Suppose 0 = -6*g + 5*g + m. What is the units digit of g?
6
Let q(y) = -2*y + 5. Let l(c) = c**2 - 7*c + 4. Let g be l(6). Let j be 6/(g/8*6). What is the tens digit of q(j)?
1
Let v = -6 - -9. Suppose g = 4 - 1. Suppose 0 = g*k - v, k = 5*z - 2*k - 12. What is the units digit of z?
3
Let h(z) be the first derivative of z**3 - 3*z**2/2 + z + 2. What is the units digit of h(2)?
7
Suppose 2*q - 2*a + 20 = 0, -3*a + 7*a = 8. Let x = -1 - -13. Let v = x + q. What is the units digit of v?
4
What is the units digit of (1 + -25)/(2/(-3))?
6
Suppose 8 = 4*b - 8. Suppose 0*u + b*u - 68 = 0. What is the tens digit of u?
1
Suppose 110*c = 115*c - 400. What is the tens digit of c?
8
Let q(o) be the second derivative of o**4/2 + o**3/6 - o**2/2 + 10*o. What is the tens digit of q(-2)?
2
Suppose -l = 2*l. Suppose l*n - 4*n = 8. What is the tens digit of 45/n*12/(-15)?
1
Suppose 0 = -0*d - d. Suppose d = 5*j - 7 - 8. Suppose 43 = 4*y - 3*w, j*w + 22 = -0*y + y. What is the units digit of y?
7
Suppose -h = -1, h = 4*i - h - 198. What is the tens digit of i?
5
Let i = 4 + -2. Let n = -68 - -73. Suppose m + n*u + 8 = 0, -5*m + u - i*u = -32. What is the units digit of m?
7
What i